highest common factor of 73 and i.
1
Let s = 605 - 602. Calculate the greatest common factor of s and 237.
3
Let h(n) = -n**3 - 8*n**2 - 12*n + 4. Let u be h(-6). Suppose -37 = -u*a + 3*v - 2*v, 0 = -a + 2*v + 11. Calculate the greatest common divisor of a and 117.
9
Let k(r) = r**3 - 10*r**2 - 11*r + 39. Let g be k(12). What is the greatest common factor of 45 and g?
15
Let j(v) = v + 1. Let s be (-3 + 3)/(-5 + 4). Let a be j(s). Suppose g + 5*k = 2*g - a, 5*g - 5*k = 65. Calculate the greatest common divisor of 144 and g.
16
Let k = 79 - 117. Let r = 47 + k. Let y = 10 + -4. Calculate the highest common divisor of r and y.
3
Let u = 71 + -72. Let w be (-1 - (4 - u))/((-6)/8). Calculate the highest common divisor of w and 40.
8
Let m = -202 - -215. What is the highest common divisor of 221 and m?
13
Let p(y) = -y**3 + 14*y**2 - 25*y + 38. Let v be p(12). What is the greatest common divisor of v and 65?
13
Suppose 3*f - 1704 = -f + 4*y, 431 = f + 4*y. What is the greatest common factor of f and 14?
7
Let z be ((-4)/5)/((-12)/4050). Suppose -d = -5*k + 4*d - 50, -3*d = -15. Let c be z/25 - 1/k. Calculate the greatest common divisor of c and 33.
11
Suppose 9*j - 11 = -2. Let c be (-4)/8*j*-34. What is the highest common factor of 136 and c?
17
Let x be 11 + -7 - (0 - 1). Suppose -5*c + 8 + 12 = -4*a, 2*c + x*a - 41 = 0. Suppose -9 = 5*d - 49. Calculate the highest common factor of d and c.
8
Suppose 0 = -4*g - 4*n + 7052, 20*n - 15*n = -20. Calculate the greatest common factor of 93 and g.
93
Let l be (-1 - -2)/(-3 - (-140)/46). Let s = -8 + l. Calculate the greatest common divisor of 75 and s.
15
Let q be (-5)/(-20)*181 - 2/8. Let w be (2727/q - (-4)/10) + -1. What is the greatest common factor of 12 and w?
12
Let g = 1005 + -915. Calculate the highest common divisor of 35 and g.
5
Suppose -3*h + 0*h + 120 = 0. Let o = -6567 + 7007. What is the greatest common divisor of h and o?
40
Let a(x) = x**2 - 41*x + 331. Let t be a(8). Calculate the greatest common factor of 536 and t.
67
Let b(v) = v**3 + 4*v**2 - 2*v + 7. Let q be b(-5). Let t(p) = -49*p + 8. Let y be t(q). Suppose -j + y = 3*j. What is the greatest common divisor of 40 and j?
20
Let x = -1526 - -1561. Suppose -w + 0*w = -315. What is the highest common divisor of w and x?
35
Suppose -4*m = -7*m. Suppose o - 12 + 4 = m. Calculate the greatest common factor of o and 24.
8
Suppose 0 = 20*q + 49*q - 138. Calculate the greatest common factor of 424 and q.
2
Let k(v) = -v**3 + 8*v**2 + 6*v + 10. Let u be k(9). Let f = u + 13. Let s be (1 - -3)/f + 127. What is the greatest common divisor of s and 14?
14
Suppose -16 = -2*k + 118. Let i = k - 42. Let f be (-2 - 1)*(-10)/3. What is the highest common factor of i and f?
5
Suppose -44 - 26 = 2*n. Let o = n - -79. Let s = 12 + -8. Calculate the greatest common divisor of o and s.
4
Let o be (-1)/(0 + 4 - 5). What is the greatest common factor of 1 and o?
1
Suppose -t = -4*t + 4*z + 476, -t = -3*z - 152. What is the highest common factor of 738 and t?
82
Let g(u) = -3*u**3 - 31*u**2 + 21*u - 56. Let p be g(-14). What is the highest common factor of p and 42?
42
Suppose 62*b - 1576 = 54*b. Let i = b - 106. What is the greatest common divisor of 13 and i?
13
Suppose 1816 = 8*k - 776. What is the highest common divisor of k and 24?
12
Suppose 4*x - 2 - 126 = 0. Let g be 42/10 + (-3)/15. What is the greatest common factor of g and x?
4
Let l = -3 + 14. Let v = 40 - 12. Let i = v - 17. Calculate the highest common divisor of l and i.
11
Suppose -2160 = 111*u - 116*u. What is the greatest common factor of u and 48?
48
Let m(h) be the second derivative of -5*h**3/2 + 9*h**2/2 - 2*h. Let v be (-3)/21 - 41/7. Let n be m(v). Calculate the greatest common factor of 9 and n.
9
Let v = -20 + 34. Suppose -5*k + 6*k + 1 = 0. Let b(x) = 55*x**2 - x. Let t be b(k). What is the greatest common factor of v and t?
14
Suppose -3*a + 66 = 5*o, -a - 9 + 66 = 4*o. Let y = -501 + 300. Let j = -141 - y. Calculate the greatest common factor of o and j.
15
Let q be (-9)/((-54)/8) + (-610)/(-15). Calculate the highest common divisor of q and 168.
42
Let p = -76 + 78. Let g = 7 - 5. Suppose 2*w + g*w - 80 = 0. What is the highest common factor of p and w?
2
Suppose 0 = v - 103 - 5. Suppose p + v = 6*p - i, -42 = -2*p + i. Let b be (66/(-8))/((-2)/8). Calculate the greatest common factor of b and p.
11
Let p(l) = 3*l**2 + 29*l + 151. Let t be p(-7). Calculate the highest common factor of t and 10.
5
Let u be 332*4/(10 + -9). Calculate the highest common factor of u and 83.
83
Let l(d) = -134*d + 2147. Let b be l(16). Suppose 2*t + 20 = 6*t. Calculate the highest common divisor of b and t.
1
Let w be ((-8547)/518)/(1*2/(-4)). Calculate the highest common factor of 759 and w.
33
Suppose t + 53 = 4*i, -5*i = -6*t + t - 70. Calculate the greatest common factor of i and 26.
13
Suppose -11*g = -9*g - 352. Calculate the greatest common factor of 33 and g.
11
Suppose 5*i - 2*i = -6. Let w = i + 26. What is the greatest common divisor of 36 and w?
12
Suppose -108*j + 240 = -78*j. What is the greatest common factor of j and 244?
4
Let d(c) = 2*c + 4. Let u(j) = 5*j + 9. Let a(y) = -7*d(y) + 3*u(y). Let i be a(9). Suppose -3*w + i = -w. Calculate the highest common factor of 44 and w.
4
Suppose 63*c - 16 = 55*c. Suppose 5*l - 38 = -2*w, l - 4*l = -w + 8. Calculate the highest common factor of w and c.
2
Let k be 4/26 - (-4794)/442. Calculate the greatest common divisor of 275 and k.
11
Suppose -4*s + 6*s = -3*k - 8, -s - 4 = -k. Suppose k = -5*h - 4*p + 204, -3*h + 0*h + 115 = -5*p. What is the highest common divisor of 140 and h?
20
Suppose 102 = 2*c - 3*t, 3*t - t = -5*c + 217. Calculate the greatest common factor of c and 720.
45
Let p(h) = -4*h + 44. Let t be p(-25). What is the highest common divisor of 12 and t?
12
Suppose 702 = -f + 40*f. What is the highest common factor of f and 93?
3
Suppose -z + 0*o = -4*o + 60, 4*z = -4*o - 320. Let f = 93 + z. Calculate the greatest common divisor of f and 34.
17
Let u be ((-546)/(-12))/(2/12). Let v be (-4)/6*u/(-26). Calculate the highest common factor of 35 and v.
7
Suppose 0 = -19*n + 17*n + 280. Calculate the greatest common divisor of n and 380.
20
Let d be (-1)/(30/8 - 4). Suppose -75 = -5*u - 5*h, 0 = d*u + h - 3*h - 36. What is the highest common divisor of 44 and u?
11
Let v(f) = 7*f**2 + 13*f + 1. Let p be v(-8). Calculate the highest common factor of p and 483.
69
Let b(w) = 0 - 24*w + 4 + 2*w - w**2. Let z be b(-11). Let q = -45 + 70. What is the greatest common factor of z and q?
25
Let v(r) = r**3 - 8*r**2 - 4. Let c be v(8). Let z be 13/(-2) - (-2)/c. Let q be (-5 - (-4 - -1))*z. Calculate the highest common divisor of q and 28.
14
Suppose -21 = -80*p + 79*p. Calculate the greatest common factor of 273 and p.
21
Suppose 4*f + 44 = 5*k - 954, -794 = -4*k + f. Let h be (1 - -1) + 3 + -31. Let m = h + 44. Calculate the highest common factor of m and k.
18
Let i = 228 - 150. Calculate the highest common divisor of i and 104.
26
Let x be 88/(-24)*-3*82. What is the greatest common divisor of 246 and x?
82
Let j(g) = 7*g - 13. Let c be j(4). Let y(a) be the first derivative of a**3/3 - a**2 - 5*a + 1. Let t be y(10). What is the highest common divisor of c and t?
15
Suppose -4*j - 6*j + 4*j = 0. Suppose j = 2*o + p - 105, -3*o + 5*p = -158 - 32. Calculate the greatest common factor of o and 11.
11
Suppose d = -0*d + 36. Let u = d + 124. Let y be 18 - (-5 - -3 - 0). What is the highest common factor of u and y?
20
Suppose 14*c = 7*c + 42. What is the greatest common factor of c and 6?
6
Suppose 17*x = 13*x + 44. Suppose -2*k = -x - 21. What is the greatest common factor of k and 176?
16
Let g be 11 - (1 + -2 - 0). Suppose -146*b - 1170 = -422*b + 4350. Calculate the highest common factor of g and b.
4
Suppose -30*h + 29*h + 4 = 0. Suppose 20 = h*g - 40. What is the greatest common factor of 15 and g?
15
Let i = 2699 - 1882. Suppose -1023 - i = -8*f. Suppose -4*m - 5*o + 117 = 0, -21 = -4*m + 4*o + 51. What is the highest common factor of m and f?
23
Let j be ((-861)/14)/((-2)/12). What is the highest common factor of 41 and j?
41
Let k be 0 + 0 + 0 + 4. Let y be (-2544)/(-60) + k/(-10). Calculate the greatest common divisor of 